{"id":2474,"date":"2021-03-17T12:42:30","date_gmt":"2021-03-17T12:42:30","guid":{"rendered":"https:\/\/weiss-bochum.de\/fotos\/reinart-3-2-2\/"},"modified":"2021-05-03T17:48:51","modified_gmt":"2021-05-03T17:48:51","slug":"reinart-3-2-2","status":"publish","type":"page","link":"https:\/\/weiss-bochum.de\/fotos\/reinart-3-2-2\/","title":{"rendered":"Spanien"},"content":{"rendered":"<div class=\"fusion-fullwidth fullwidth-box fusion-builder-row-1 fusion-flex-container nonhundred-percent-fullwidth non-hundred-percent-height-scrolling\" style=\"--awb-border-radius-top-left:0px;--awb-border-radius-top-right:0px;--awb-border-radius-bottom-right:0px;--awb-border-radius-bottom-left:0px;--awb-padding-top:0px;--awb-padding-bottom:0px;--awb-margin-bottom:0px;--awb-flex-wrap:wrap;\" ><div class=\"fusion-builder-row fusion-row fusion-flex-align-items-flex-start fusion-flex-content-wrap\" style=\"max-width:1248px;margin-left: calc(-4% \/ 2 );margin-right: calc(-4% \/ 2 );\"><div class=\"fusion-layout-column fusion_builder_column fusion-builder-column-0 fusion_builder_column_1_6 1_6 fusion-flex-column fusion-flex-align-self-flex-start\" style=\"--awb-bg-size:cover;--awb-width-large:16.666666666667%;--awb-margin-top-large:0px;--awb-spacing-right-large:11.52%;--awb-margin-bottom-large:0px;--awb-spacing-left-large:11.52%;--awb-width-medium:16.666666666667%;--awb-spacing-right-medium:11.52%;--awb-spacing-left-medium:11.52%;--awb-width-small:100%;--awb-spacing-right-small:1.92%;--awb-spacing-left-small:1.92%;\"><div class=\"fusion-column-wrapper fusion-flex-justify-content-flex-start fusion-content-layout-column\"><\/div><\/div><div class=\"fusion-layout-column fusion_builder_column fusion-builder-column-1 fusion_builder_column_2_3 2_3 fusion-flex-column\" style=\"--awb-bg-size:cover;--awb-width-large:66.666666666667%;--awb-margin-top-large:0px;--awb-spacing-right-large:2.88%;--awb-margin-bottom-large:20px;--awb-spacing-left-large:2.88%;--awb-width-medium:66.666666666667%;--awb-order-medium:0;--awb-spacing-right-medium:2.88%;--awb-spacing-left-medium:2.88%;--awb-width-small:100%;--awb-order-small:0;--awb-spacing-right-small:1.92%;--awb-spacing-left-small:1.92%;\"><div class=\"fusion-column-wrapper fusion-column-has-shadow fusion-flex-justify-content-flex-start fusion-content-layout-column\"><div class=\"fusion-text fusion-text-1\"><h2 style=\"text-align: center;\">Spanien<\/h2>\n<\/div><\/div><\/div><div class=\"fusion-layout-column fusion_builder_column fusion-builder-column-2 fusion_builder_column_1_6 1_6 fusion-flex-column fusion-flex-align-self-flex-start\" style=\"--awb-bg-size:cover;--awb-width-large:16.666666666667%;--awb-margin-top-large:0px;--awb-spacing-right-large:11.52%;--awb-margin-bottom-large:0px;--awb-spacing-left-large:11.52%;--awb-width-medium:16.666666666667%;--awb-spacing-right-medium:11.52%;--awb-spacing-left-medium:11.52%;--awb-width-small:100%;--awb-spacing-right-small:1.92%;--awb-spacing-left-small:1.92%;\"><div class=\"fusion-column-wrapper fusion-flex-justify-content-flex-start fusion-content-layout-column\"><\/div><\/div><div class=\"fusion-layout-column fusion_builder_column fusion-builder-column-3 fusion_builder_column_1_6 1_6 fusion-flex-column\" style=\"--awb-bg-size:cover;--awb-width-large:16.666666666667%;--awb-margin-top-large:0px;--awb-spacing-right-large:11.52%;--awb-margin-bottom-large:20px;--awb-spacing-left-large:11.52%;--awb-width-medium:16.666666666667%;--awb-order-medium:0;--awb-spacing-right-medium:11.52%;--awb-spacing-left-medium:11.52%;--awb-width-small:100%;--awb-order-small:0;--awb-spacing-right-small:1.92%;--awb-spacing-left-small:1.92%;\"><div class=\"fusion-column-wrapper fusion-column-has-shadow fusion-flex-justify-content-flex-start fusion-content-layout-column\"><\/div><\/div><div class=\"fusion-layout-column fusion_builder_column fusion-builder-column-4 fusion_builder_column_2_3 2_3 fusion-flex-column\" style=\"--awb-bg-size:cover;--awb-width-large:66.666666666667%;--awb-margin-top-large:0px;--awb-spacing-right-large:2.88%;--awb-margin-bottom-large:20px;--awb-spacing-left-large:2.88%;--awb-width-medium:66.666666666667%;--awb-order-medium:0;--awb-spacing-right-medium:2.88%;--awb-spacing-left-medium:2.88%;--awb-width-small:100%;--awb-order-small:0;--awb-spacing-right-small:1.92%;--awb-spacing-left-small:1.92%;\"><div class=\"fusion-column-wrapper fusion-column-has-shadow fusion-flex-justify-content-flex-start fusion-content-layout-column\"><script type=\"text\/javascript\">jQuery(function() { _initLayerSlider( '#layerslider_45_1i4mcuc4luu9y', {sliderVersion: '6.11.8', responsiveUnder: 0, layersContainer: 0, slideBGSize: 'auto', startInViewport: false, pauseOnHover: 'layers', touchNav: false, skin: 'avada', sliderFadeInDuration: 350, globalBGPosition: '50% 20%', hoverPrevNext: false, navStartStop: false, navButtons: false, showCircleTimer: false, thumbnailNavigation: 'always', useSrcset: true, skinsPath: 'https:\/\/weiss-bochum.de\/fotos\/wp-content\/themes\/Avada\/includes\/ls-skins\/', performanceMode: true}); });<\/script><div id=\"layerslider_45_1i4mcuc4luu9y\"  class=\"ls-wp-container fitvidsignore ls-selectable\" style=\"width:750px;height:500px;margin:0 auto;margin-bottom: 0px;\"><div class=\"ls-slide\" data-ls=\"bgposition:50% 0%;duration:4000;\"><img decoding=\"async\" width=\"600\" height=\"404\" src=\"https:\/\/weiss-bochum.de\/fotos\/wp-content\/uploads\/2021\/05\/Flamenco.jpg\" class=\"ls-bg\" alt=\"\" srcset=\"https:\/\/weiss-bochum.de\/fotos\/wp-content\/uploads\/2021\/05\/Flamenco-200x135.jpg 200w, https:\/\/weiss-bochum.de\/fotos\/wp-content\/uploads\/2021\/05\/Flamenco-400x269.jpg 400w, https:\/\/weiss-bochum.de\/fotos\/wp-content\/uploads\/2021\/05\/Flamenco-594x400.jpg 594w, https:\/\/weiss-bochum.de\/fotos\/wp-content\/uploads\/2021\/05\/Flamenco.jpg 600w\" sizes=\"(max-width: 600px) 100vw, 600px\" \/><p style=\"top:416px;left:211px;background-size:inherit;background-position:inherit;font-size:24px;\" class=\"ls-l ls-text-layer\" data-ls=\"position:relative;\">Flamenco Schule in Granada<\/p><\/div><div class=\"ls-slide\" data-ls=\"bgposition:50% 0%;duration:4000;\"><img decoding=\"async\" width=\"600\" height=\"402\" src=\"https:\/\/weiss-bochum.de\/fotos\/wp-content\/uploads\/2021\/05\/Don-Quichotte.jpg\" class=\"ls-bg\" alt=\"\" srcset=\"https:\/\/weiss-bochum.de\/fotos\/wp-content\/uploads\/2021\/05\/Don-Quichotte-200x134.jpg 200w, https:\/\/weiss-bochum.de\/fotos\/wp-content\/uploads\/2021\/05\/Don-Quichotte-400x268.jpg 400w, https:\/\/weiss-bochum.de\/fotos\/wp-content\/uploads\/2021\/05\/Don-Quichotte-597x400.jpg 597w, https:\/\/weiss-bochum.de\/fotos\/wp-content\/uploads\/2021\/05\/Don-Quichotte.jpg 600w\" sizes=\"(max-width: 600px) 100vw, 600px\" \/><\/div><div class=\"ls-slide\" data-ls=\"bgposition:50% 0%;duration:4000;\"><img decoding=\"async\" width=\"600\" height=\"404\" src=\"https:\/\/weiss-bochum.de\/fotos\/wp-content\/uploads\/2021\/05\/Im-Cafe\u0301.jpg\" class=\"ls-bg\" alt=\"\" srcset=\"https:\/\/weiss-bochum.de\/fotos\/wp-content\/uploads\/2021\/05\/Im-Cafe\u0301-200x135.jpg 200w, https:\/\/weiss-bochum.de\/fotos\/wp-content\/uploads\/2021\/05\/Im-Cafe\u0301-400x269.jpg 400w, https:\/\/weiss-bochum.de\/fotos\/wp-content\/uploads\/2021\/05\/Im-Cafe\u0301-594x400.jpg 594w, https:\/\/weiss-bochum.de\/fotos\/wp-content\/uploads\/2021\/05\/Im-Cafe\u0301.jpg 600w\" sizes=\"(max-width: 600px) 100vw, 600px\" \/><p style=\"top:412px;left:190px;background-size:inherit;background-position:inherit;font-size:24px;\" class=\"ls-l ls-text-layer\" data-ls=\"position:relative;\">Fr\u00fchst\u00fcck in einem spanischen Caf\u00e8<\/p><\/div><\/div><\/div><\/div><div class=\"fusion-layout-column fusion_builder_column fusion-builder-column-5 fusion_builder_column_1_6 1_6 fusion-flex-column\" style=\"--awb-bg-size:cover;--awb-width-large:16.666666666667%;--awb-margin-top-large:0px;--awb-spacing-right-large:11.52%;--awb-margin-bottom-large:20px;--awb-spacing-left-large:11.52%;--awb-width-medium:16.666666666667%;--awb-order-medium:0;--awb-spacing-right-medium:11.52%;--awb-spacing-left-medium:11.52%;--awb-width-small:100%;--awb-order-small:0;--awb-spacing-right-small:1.92%;--awb-spacing-left-small:1.92%;\"><div class=\"fusion-column-wrapper fusion-column-has-shadow fusion-flex-justify-content-flex-start fusion-content-layout-column\"><\/div><\/div><\/div><\/div>\n","protected":false},"excerpt":{"rendered":"","protected":false},"author":2,"featured_media":0,"parent":0,"menu_order":0,"comment_status":"closed","ping_status":"closed","template":"","meta":{"footnotes":""},"class_list":["post-2474","page","type-page","status-publish","hentry"],"_links":{"self":[{"href":"https:\/\/weiss-bochum.de\/fotos\/wp-json\/wp\/v2\/pages\/2474","targetHints":{"allow":["GET"]}}],"collection":[{"href":"https:\/\/weiss-bochum.de\/fotos\/wp-json\/wp\/v2\/pages"}],"about":[{"href":"https:\/\/weiss-bochum.de\/fotos\/wp-json\/wp\/v2\/types\/page"}],"author":[{"embeddable":true,"href":"https:\/\/weiss-bochum.de\/fotos\/wp-json\/wp\/v2\/users\/2"}],"replies":[{"embeddable":true,"href":"https:\/\/weiss-bochum.de\/fotos\/wp-json\/wp\/v2\/comments?post=2474"}],"version-history":[{"count":7,"href":"https:\/\/weiss-bochum.de\/fotos\/wp-json\/wp\/v2\/pages\/2474\/revisions"}],"predecessor-version":[{"id":2859,"href":"https:\/\/weiss-bochum.de\/fotos\/wp-json\/wp\/v2\/pages\/2474\/revisions\/2859"}],"wp:attachment":[{"href":"https:\/\/weiss-bochum.de\/fotos\/wp-json\/wp\/v2\/media?parent=2474"}],"curies":[{"name":"wp","href":"https:\/\/api.w.org\/{rel}","templated":true}]}}

<div class="fusion-fullwidth fullwidth-box fusion-builder-row-1 fusion-flex-container nonhundred-percent-fullwidth non-hundred-percent-height-scrolling" style="--awb-border-radius-top-left:0px;--awb-border-radius-top-right:0px;--awb-border-radius-bottom-right:0px;--awb-border-radius-bottom-left:0px;--awb-padding-top:0px;--awb-padding-bottom:0px;--awb-margin-bottom:0px;--awb-flex-wrap:wrap;" ><div class="fusion-builder-row fusion-row fusion-flex-align-items-flex-start fusion-flex-content-wrap" style="max-width:1248px;margin-left: calc(-4% / 2 );margin-right: calc(-4% / 2 );"><div class="fusion-layout-column fusion_builder_column fusion-builder-column-0 fusion_builder_column_1_6 1_6 fusion-flex-column fusion-flex-align-self-flex-start" style="--awb-bg-size:cover;--awb-width-large:16.666666666667%;--awb-margin-top-large:0px;--awb-spacing-right-large:11.52%;--awb-margin-bottom-large:0px;--awb-spacing-left-large:11.52%;--awb-width-medium:16.666666666667%;--awb-spacing-right-medium:11.52%;--awb-spacing-left-medium:11.52%;--awb-width-small:100%;--awb-spacing-right-small:1.92%;--awb-spacing-left-small:1.92%;"><div class="fusion-column-wrapper fusion-flex-justify-content-flex-start fusion-content-layout-column"></div></div><div class="fusion-layout-column fusion_builder_column fusion-builder-column-1 fusion_builder_column_2_3 2_3 fusion-flex-column" style="--awb-bg-size:cover;--awb-width-large:66.666666666667%;--awb-margin-top-large:0px;--awb-spacing-right-large:2.88%;--awb-margin-bottom-large:20px;--awb-spacing-left-large:2.88%;--awb-width-medium:66.666666666667%;--awb-order-medium:0;--awb-spacing-right-medium:2.88%;--awb-spacing-left-medium:2.88%;--awb-width-small:100%;--awb-order-small:0;--awb-spacing-right-small:1.92%;--awb-spacing-left-small:1.92%;"><div class="fusion-column-wrapper fusion-column-has-shadow fusion-flex-justify-content-flex-start fusion-content-layout-column"><div class="fusion-text fusion-text-1"><h2 style="text-align: center;">Spanien</h2>
</div></div></div><div class="fusion-layout-column fusion_builder_column fusion-builder-column-2 fusion_builder_column_1_6 1_6 fusion-flex-column fusion-flex-align-self-flex-start" style="--awb-bg-size:cover;--awb-width-large:16.666666666667%;--awb-margin-top-large:0px;--awb-spacing-right-large:11.52%;--awb-margin-bottom-large:0px;--awb-spacing-left-large:11.52%;--awb-width-medium:16.666666666667%;--awb-spacing-right-medium:11.52%;--awb-spacing-left-medium:11.52%;--awb-width-small:100%;--awb-spacing-right-small:1.92%;--awb-spacing-left-small:1.92%;"><div class="fusion-column-wrapper fusion-flex-justify-content-flex-start fusion-content-layout-column"></div></div><div class="fusion-layout-column fusion_builder_column fusion-builder-column-3 fusion_builder_column_1_6 1_6 fusion-flex-column" style="--awb-bg-size:cover;--awb-width-large:16.666666666667%;--awb-margin-top-large:0px;--awb-spacing-right-large:11.52%;--awb-margin-bottom-large:20px;--awb-spacing-left-large:11.52%;--awb-width-medium:16.666666666667%;--awb-order-medium:0;--awb-spacing-right-medium:11.52%;--awb-spacing-left-medium:11.52%;--awb-width-small:100%;--awb-order-small:0;--awb-spacing-right-small:1.92%;--awb-spacing-left-small:1.92%;"><div class="fusion-column-wrapper fusion-column-has-shadow fusion-flex-justify-content-flex-start fusion-content-layout-column"></div></div><div class="fusion-layout-column fusion_builder_column fusion-builder-column-4 fusion_builder_column_2_3 2_3 fusion-flex-column" style="--awb-bg-size:cover;--awb-width-large:66.666666666667%;--awb-margin-top-large:0px;--awb-spacing-right-large:2.88%;--awb-margin-bottom-large:20px;--awb-spacing-left-large:2.88%;--awb-width-medium:66.666666666667%;--awb-order-medium:0;--awb-spacing-right-medium:2.88%;--awb-spacing-left-medium:2.88%;--awb-width-small:100%;--awb-order-small:0;--awb-spacing-right-small:1.92%;--awb-spacing-left-small:1.92%;"><div class="fusion-column-wrapper fusion-column-has-shadow fusion-flex-justify-content-flex-start fusion-content-layout-column"><script type="text/javascript">jQuery(function() { _initLayerSlider( '#layerslider_45_1i4mcuc4luu9y', {sliderVersion: '6.11.8', responsiveUnder: 0, layersContainer: 0, slideBGSize: 'auto', startInViewport: false, pauseOnHover: 'layers', touchNav: false, skin: 'avada', sliderFadeInDuration: 350, globalBGPosition: '50% 20%', hoverPrevNext: false, navStartStop: false, navButtons: false, showCircleTimer: false, thumbnailNavigation: 'always', useSrcset: true, skinsPath: 'https://weiss-bochum.de/fotos/wp-content/themes/Avada/includes/ls-skins/', performanceMode: true}); });</script><div id="layerslider_45_1i4mcuc4luu9y"  class="ls-wp-container fitvidsignore ls-selectable" style="width:750px;height:500px;margin:0 auto;margin-bottom: 0px;"><div class="ls-slide" data-ls="bgposition:50% 0%;duration:4000;"><img decoding="async" width="600" height="404" src="https://weiss-bochum.de/fotos/wp-content/uploads/2021/05/Flamenco.jpg" class="ls-bg" alt="" srcset="https://weiss-bochum.de/fotos/wp-content/uploads/2021/05/Flamenco-200x135.jpg 200w, https://weiss-bochum.de/fotos/wp-content/uploads/2021/05/Flamenco-400x269.jpg 400w, https://weiss-bochum.de/fotos/wp-content/uploads/2021/05/Flamenco-594x400.jpg 594w, https://weiss-bochum.de/fotos/wp-content/uploads/2021/05/Flamenco.jpg 600w" sizes="(max-width: 600px) 100vw, 600px" /><p style="top:416px;left:211px;background-size:inherit;background-position:inherit;font-size:24px;" class="ls-l ls-text-layer" data-ls="position:relative;">Flamenco Schule in Granada</p></div><div class="ls-slide" data-ls="bgposition:50% 0%;duration:4000;"><img decoding="async" width="600" height="402" src="https://weiss-bochum.de/fotos/wp-content/uploads/2021/05/Don-Quichotte.jpg" class="ls-bg" alt="" srcset="https://weiss-bochum.de/fotos/wp-content/uploads/2021/05/Don-Quichotte-200x134.jpg 200w, https://weiss-bochum.de/fotos/wp-content/uploads/2021/05/Don-Quichotte-400x268.jpg 400w, https://weiss-bochum.de/fotos/wp-content/uploads/2021/05/Don-Quichotte-597x400.jpg 597w, https://weiss-bochum.de/fotos/wp-content/uploads/2021/05/Don-Quichotte.jpg 600w" sizes="(max-width: 600px) 100vw, 600px" /></div><div class="ls-slide" data-ls="bgposition:50% 0%;duration:4000;"><img decoding="async" width="600" height="404" src="https://weiss-bochum.de/fotos/wp-content/uploads/2021/05/Im-Café.jpg" class="ls-bg" alt="" srcset="https://weiss-bochum.de/fotos/wp-content/uploads/2021/05/Im-Café-200x135.jpg 200w, https://weiss-bochum.de/fotos/wp-content/uploads/2021/05/Im-Café-400x269.jpg 400w, https://weiss-bochum.de/fotos/wp-content/uploads/2021/05/Im-Café-594x400.jpg 594w, https://weiss-bochum.de/fotos/wp-content/uploads/2021/05/Im-Café.jpg 600w" sizes="(max-width: 600px) 100vw, 600px" /><p style="top:412px;left:190px;background-size:inherit;background-position:inherit;font-size:24px;" class="ls-l ls-text-layer" data-ls="position:relative;">Frühstück in einem spanischen Cafè</p></div></div></div></div><div class="fusion-layout-column fusion_builder_column fusion-builder-column-5 fusion_builder_column_1_6 1_6 fusion-flex-column" style="--awb-bg-size:cover;--awb-width-large:16.666666666667%;--awb-margin-top-large:0px;--awb-spacing-right-large:11.52%;--awb-margin-bottom-large:20px;--awb-spacing-left-large:11.52%;--awb-width-medium:16.666666666667%;--awb-order-medium:0;--awb-spacing-right-medium:11.52%;--awb-spacing-left-medium:11.52%;--awb-width-small:100%;--awb-order-small:0;--awb-spacing-right-small:1.92%;--awb-spacing-left-small:1.92%;"><div class="fusion-column-wrapper fusion-column-has-shadow fusion-flex-justify-content-flex-start fusion-content-layout-column"></div></div></div></div>
